and 30.
3
Suppose -3*n - 1 = 4*i, -14 = -4*i + 5*n - 3*n. Suppose -i*h - 228 = -8*h. Calculate the highest common factor of 152 and h.
38
Let l = -2846 + 2859. Calculate the highest common factor of l and 481.
13
Suppose 1570 = 8*s - 3030. Suppose -2*a - 71 = -s. Calculate the highest common factor of a and 14.
14
Let x be ((-355)/5 + 5)*6/4. Let l = -35 - x. Let p = 17 - 1. What is the greatest common factor of p and l?
16
Suppose -w + 124 = 3*w. Suppose 0 = 22*x - 89*x + 18693. Calculate the highest common factor of w and x.
31
Let j(u) be the second derivative of u**4/12 - u**2/2 + 17*u. Let t be j(10). Calculate the greatest common divisor of t and 33.
33
Let t be (-2 - 27/(-6))*(-6)/(-5). Suppose -t*f + 7 = -2. Suppose 5*i = -2*k + 55, 0*k - 10 = -2*k. Calculate the highest common factor of f and i.
3
Let h be 11/(-55) + 14/(-30) - 3500/(-210). Let x = -32 - -50. Calculate the highest common factor of x and h.
2
Let q(k) = k**3 - 5*k + 8. Let j be q(3). Suppose 4*b - 5*b = -15. Suppose -3*w + 22 + 5 = -y, 5*y + b = 0. Calculate the highest common divisor of j and w.
4
Let z = -232061 - -232085. Let j be ((-115)/3 + 1)*-9. What is the highest common divisor of j and z?
24
Let d be ((-1360)/51)/(1/(-6)). Let g = d + -90. Calculate the highest common divisor of g and 40.
10
Let m(v) = v**3 - 21*v**2 - 5*v + 114. Let n be m(21). What is the highest common divisor of n and 3501?
9
Let w(m) = -m**3 + 5*m**2 - 1. Let v be w(4). Let y = -11531 - -11552. Calculate the greatest common divisor of v and y.
3
Suppose -475355 - 434826 = -38*s - 195477. What is the greatest common divisor of 8 and s?
8
Suppose -18*u - 5*h = -16*u - 343, h + 631 = 4*u. Calculate the highest common factor of 1007 and u.
53
Let p(w) = -59*w - 1852. Let y be p(-52). Calculate the greatest common factor of y and 475.
19
Suppose 5*p - 27*p = -44. Suppose p*a + 99 = 5*n, -2*n + 5*a + 0*a = -27. Calculate the highest common factor of 777 and n.
21
Let g(r) = -r**2 - 8*r - 3. Let q be g(-5). Let z(k) = -8*k + 24. Let w be 30/(-50) - 36/15. Let n be z(w). What is the greatest common divisor of q and n?
12
Suppose 0*a + 2 = -2*a - 4*d, -4*a = -3*d - 51. Suppose -a*m = -4 - 23. Calculate the highest common factor of 3 and m.
3
Let f = 32 - 28. Suppose -f*n = y - 88, 3*y - 5*y = -n - 167. Suppose 4*d = -z + 2*z - 32, 83 = 3*z + d. What is the highest common factor of y and z?
28
Suppose 0*z - 2*c - 18 = -z, -z + c = -18. Let p(x) = -x**2 - 64*x - 700. Let g be p(-47). What is the greatest common divisor of z and g?
9
Let r be 0 - (-34)/7 - (-25)/((-5425)/186). Calculate the highest common divisor of 4876 and r.
4
Suppose -i - 3*k = k - 15, 20 = -5*i - k. Let a(s) = s + 20. Let h be a(i). What is the greatest common divisor of 5 and h?
5
Let f be ((-7)/21)/((-9)/27). Let h be f + 6*(-15)/10*-1. What is the greatest common factor of h and 70?
10
Let d be (-3)/((-1)/4*4). Suppose x - 3*w = 2, 4*x - 15 = 2*w + d*w. Calculate the highest common factor of 20 and x.
5
Let u(j) = -4*j**3 - 179*j**2 + 40*j - 217. Let a be u(-45). What is the greatest common factor of a and 431?
1
Suppose l = -4, -5*l = -4*i + 17 + 19. Suppose i*b + 15*d - 289 = 14*d, b - 68 = 4*d. Calculate the greatest common factor of b and 54.
18
Suppose 23*g = -237*g + 15600. What is the highest common factor of g and 204?
12
Suppose 5*p + 15 = 0, -9*q + 5*p + 39 = -8*q. Let w be 4*(-4)/q + 508/6. What is the greatest common divisor of 63 and w?
21
Let c be 481412/4148 - 2/34. What is the greatest common factor of c and 1508?
116
Let z be (-2534376)/(-728) - (3 - 76/28). Calculate the greatest common factor of z and 118.
59
Let h = -164 - -177. Suppose 25 = -h*l + 129. Suppose 0 = 2*x + x - 96. What is the highest common divisor of x and l?
8
Let j be ((-156250)/5075 + 4/(-58))/(6/(-28)). What is the greatest common divisor of 160 and j?
16
Let b(h) be the second derivative of -1/6*h**3 - 1/20*h**5 + 0 - 11/2*h**2 + 1/2*h**4 - 4*h. Let s be b(4). What is the highest common divisor of s and 34?
17
Let w = 43 - 38. Let l(q) = q**2 - 3*q - 10. Let i be l(w). Let b(c) = c**2 + c + 2. Let p be b(i). Calculate the highest common factor of p and 3.
1
Let m(r) = 6*r + 12. Let g be m(10). Let a = g - 67. Suppose 0 = 5*c - a - 95. What is the highest common factor of 10 and c?
10
Let u(l) = -5*l**3 - 80*l - 81. Let y be u(-1). What is the highest common factor of y and 22104?
4
Let v(o) = 12*o**2 - 5*o + 8. Suppose -614 + 86 = -11*t. Let s = 52 - t. Let f be v(s). Calculate the greatest common divisor of 36 and f.
36
Suppose 0 = 4*y - 0*y + 4*x - 3072, -x + 1 = 0. What is the greatest common factor of 13 and y?
13
Suppose 3*h - 13*h = 6*h - 2352. What is the greatest common factor of h and 3136?
49
Let n be (360/(-135))/((-36)/567). Calculate the greatest common factor of n and 6321.
21
Let q be 297 + 0 + 0 + -1. Suppose 2*i + 2*i = q. Let y = i + -40. Calculate the greatest common factor of y and 374.
34
Suppose 20 = -124*g + 129*g. Let s(k) = k**3 - 39*k**2 - 85*k + 239. Let z be s(41). Calculate the highest common divisor of g and z.
4
Suppose 6*d + 9*d - 60 = 0. Suppose -2*g = m - 11 - 23, -d*m = 3*g - 131. Calculate the greatest common factor of m and 432.
16
Let x = 2869 - 2743. What is the highest common divisor of 315 and x?
63
Let b(f) = -30*f - 1861. Let v be b(-63). What is the highest common factor of v and 5713?
29
Suppose 11*x + 621 = 13*x + 5*g, x - g = 328. Let v = -36 + x. What is the greatest common factor of v and 123?
41
Let n(p) = -8*p + 370. Suppose 28*f - 3*f = 1025. Let u be n(f). Calculate the highest common divisor of 231 and u.
21
Let k(a) = -447 + 6*a**3 + 899 - 456 + 4*a**3 + a**2. Let s be k(2). What is the highest common factor of 16 and s?
16
Suppose 0*x - 54 = 5*a - 2*x, -33 = 2*a + 3*x. Let z be 2 - 3*668/a. Calculate the highest common divisor of z and 13.
13
Let b(y) = -2*y**2 - 312*y + 158*y + 152*y + 5*y**3 + 4. Let j be b(2). What is the greatest common divisor of 72 and j?
8
Let n = 62 - 72. Let q be (168/n)/((-8)/40). Suppose 2*s + 4*s - q = 0. Calculate the highest common divisor of 28 and s.
14
Let k = 1217 - 23. Let z = k - 699. Calculate the highest common factor of z and 9.
9
Let c(d) = d**3 + 10*d**2 - 8*d - 8. Let y be c(-10). Suppose 0 = 22*f - 19*f - y. Calculate the highest common factor of f and 168.
24
Let r be 1224/(-18) + 4*1. Let x = r + 82. What is the greatest common factor of 18 and x?
18
Let d = 27938 - 7501. Calculate the greatest common divisor of 107 and d.
107
Suppose 33*z - 1363 = 3026. Let j be 2 - (-10*2)/(-4). Let s be (j - (-40 - 0)) + 1. What is the highest common factor of s and z?
19
Let q(g) = 21*g - 3. Suppose 0 = 19*f - 8 - 11. Let l be q(f). Let r(p) = -p**2 - 9*p - 9. Let b be r(-6). Calculate the highest common factor of l and b.
9
Let j = 51 - -88. Suppose 142*l - j*l - 660 = 0. Suppose 3*t - 62 = -z, 0*t + 24 = t + 2*z. What is the greatest common factor of t and l?
20
Let y(v) = 165*v**3 - 11*v**2 + 44*v - 60. Let k be y(4). What is the highest common factor of k and 12?
12
Let n = -18 - -42. Suppose n = -43*b + 47*b. Let x be 15*18/(-15)*(-2)/b. What is the greatest common divisor of 6 and x?
6
Suppose 5*j + q - 2952 = 0, -398 = -2*j - 4*q + 790. Calculate the highest common factor of j and 1062.
118
Let v(f) = 6*f - 3. Let m be v(3). Let d = 521 + -321. Suppose -13*o + d = 7*o. What is the highest common divisor of m and o?
5
Suppose -p = 3*p - 5*p. Suppose 0 = -5*i - 0*i - 5*c + 25, -5*i - c + 45 = p. What is the highest common divisor of i and 230?
10
Let u be (8 - (-416)/(-48)) + 124/6. Let y be 77/5 + 6/(-15). Calculate the highest common factor of y and u.
5
Let b = 46 - 131. Let o = b + 117. Suppose -22*r + o = -18*r. What is the highest common factor of r and 8?
8
Let u(i) = i**2 + 7*i + 31. Let m(y) = -3*y + 34. Let k be m(13). Let r be u(k). Calculate the greatest common factor of 798 and r.
21
Suppose 10718*j - 10691*j - 122931 = 0. Calculate the greatest common divisor of j and 145.
29
Let f = -17472 - -17798. Calculate the greatest common factor of f and 4.
2
Let n = 5 + 3. Suppose 52*x - 54*x = -n. Suppose -x*z = 14 - 22. What is the greatest common divisor of 2 and z?
2
Let f = 84 - 70. Suppose 0 = -3*a - 3 + 45. Suppose -3*o - a 